{"id":1923,"date":"2025-07-23T13:04:52","date_gmt":"2025-07-23T16:04:52","guid":{"rendered":"https:\/\/thesqltimes.com\/blog\/?page_id=1923"},"modified":"2025-07-23T13:04:55","modified_gmt":"2025-07-23T16:04:55","slug":"sobre-o-blog-the-sql-times","status":"publish","type":"page","link":"https:\/\/thesqltimes.com\/blog\/sobre-o-blog-the-sql-times\/","title":{"rendered":"Sobre o Blog The SQL Times"},"content":{"rendered":"\n<p>Ol\u00e1, bem vindo ao blog The SQL Times!<\/p>\n\n\n\n<p>Meu nome \u00e9 Rodrigo Ribeiro Gomes, e sou DBA SQL Server desde 2011. <\/p>\n\n\n\n<p>Eu sempre fui um cara apaixonado por tecnologia, tanto que, em 2007, quando ganhei meu primeiro computador, n\u00e3o parei de estud\u00e1-lo. Aprendi a format\u00e1-lo (j\u00e1 no primeiro dia que liguei ele), aprendi a usar o Windows, sobre drivers, jogos&#8230; E fui viciando em aprender&#8230; Ent\u00e3o aprendi a programar, come\u00e7ando com HTML e Javascript (usei muito o site apostilando), ent\u00e3o CSS, depois PHP e finalmente SQL (no MySQL ainda)&#8230; Com isso tinha aprendido o b\u00e1sico para fazer um site simples com cadastro e exibi\u00e7\u00e3o das coisas.<\/p>\n\n\n\n<p>Quando entrei na faculdade, em 2009, no segundo semestre, passei em um processo seletivo para estagi\u00e1rio de uma Faculdade Online de Bras\u00edlia. Eu achava que n\u00e3o ia conseguir, mas todo o conhecimento que adquiri previamente, estudando &#8220;sozinho&#8221;, gra\u00e7as aos blogs e apostilas, me ajudaram a passar e finalmente ingressar no mercado de trabalho.<\/p>\n\n\n\n<p>Nessa primeira oportunidade, era ASP Cl\u00e1ssico e SQL Server. E novamente, tive que come\u00e7ar a aprender novas tecnologias. Me lembro que, em meu primeiro projeto, eu precisava fazer uma funcionalidade que envolvia transferir registros de uma tabela para outra, e, na v1 que fiz, eu lia da tabela e executava v\u00e1rios inserts via ASP&#8230; Obviamente, ficou bem lento rs&#8230; At\u00e9 que me apresentaram o INSERT SELECT&#8230;  E tamb\u00e9m nesse primeiro projeto, eu que criei v\u00e1rias SUB (fun\u00e7\u00f5es) via ASP com os comandos SQL direto nelas para reusar o c\u00f3digo&#8230; E ent\u00e3o me apresentaram as PROCEDURES&#8230;  Muito aprendizado ali!<\/p>\n\n\n\n<p>E segui estudando bastante T-SQL (O SQL do SQL Server), aprofundando, me interessando por otimiza\u00e7\u00e3o, por performance, por ter cartas na manga para resolver os mais variados problemas. Na \u00e9poca, a primeira vez que ouvi falar &#8220;DBA&#8221;, foi quando rolou algum assunto sobre quem cuidava e configurava o banco de dados. Eu achava que isso era um nome de um departamento&#8230;  Nessa empresa, ele era um consultor externo. E eu segui evoluindo, aprendendo mais de web, mais de SQL, construindo sistemas maiores (Como um f\u00f3rum), otimizando rotinas pesadas de dias para algumas horas, etc&#8230; <\/p>\n\n\n\n<p>Foi ent\u00e3o que me falaram que finalmente ter\u00edamos um DBA fixo, e eu fiquei bem feliz. Finalmente eu teria algu\u00e9m para perguntar sobre as v\u00e1rias d\u00favidas que eu tinha de SQL, que iam aparecendo enquanto lia os posts e n\u00e3o fechava o entendimento. O problema era que esse DBA era eu, rs. Com toda essa evolu\u00e7\u00e3o, me promoveram a DBA SQL (sim, de estagi\u00e1rio a DBA SQL), e isso, foi, novamente, uma mistura de medo e empolga\u00e7\u00e3o&#8230; Teria que aprender novas coisas, muitas novas coisas&#8230; <\/p>\n\n\n\n<p>E foi nessa \u00e9poca que resolvi criar este blog. Eu vi que eu precisava retribuir, de alguma forma, esse conhecimento que a comunidade t\u00e9cnica me deu, e ter um lugar para registrar as minhas descobertas e servir para minha pr\u00f3pria refer\u00eancia tamb\u00e9m. N\u00e3o apenas escrevendo de qualquer jeito, mas trazendo algo de qualidade, valioso, que possa fazer alguma diferen\u00e7a para quem l\u00ea, assim como fez pra mim. <\/p>\n\n\n\n<p>Gra\u00e7as a pessoas espalhadas pelo Brasil (e pelo mundo), que dedicaram seu tempo escrevendo algo com paci\u00eancia, com qualidade, eu puder destravar diversos entendimentos que me ajudaram a sair de aluno para um profissional empregado. E \u00e9 isso que eu quero continuar aqui. Mesmo que as vezes, eu passe um bom tempo sem escrever, mas, que quando escrevo, seja para agregar de alguma forma, contar uma hist\u00f3ria, trazer casos, etc. <\/p>\n\n\n\n<p>O Nome The SQL Times n\u00e3o foi apenas porque eu acho bonito o nome &#8220;The New York Times&#8221; (sim, o jornal), mas o fato de eu gostar tanto de otimiza\u00e7\u00e3o, de redu\u00e7\u00e3o de tempo e performance, eu quis deixar uma refer\u00eancia ao tempo, ao tempo das consultas, o tempo de SQL, e achei que esse nome encaixou bem. A ideia \u00e9 que al\u00e9m de um blog com conte\u00fado t\u00e9cnico, eu conseguisse trazer not\u00edcias desse mundo (algo que nunca coloquei em pr\u00e1tica, mas um dia colocarei).<\/p>\n\n\n\n<p>Hoje, j\u00e1 fui DBA em v\u00e1rias empresas, resolvi problemas que nunca imaginei resolver, ganhei elogios, bonifica\u00e7\u00f5es, promo\u00e7\u00f5es, etc.. Mas tudo isso teve um come\u00e7o e agora voc\u00ea sabe um pouco da minha hist\u00f3ria, o porqu\u00ea esse blog foi criado e a origem do nome. Espero de verdade que algum conte\u00fado aqui fa\u00e7a diferen\u00e7a para voc\u00ea, igual muitos outros fizeram pra mim!<\/p>\n\n\n\n<p>Deixo aqui um obrigado especial a estas pessoas que foram quem me ajudaram a evoluir minha carreira e que carrego e uso muitos ensinamentos at\u00e9 hoje:<\/p>\n\n\n\n<ul class=\"wp-block-list\">\n<li><a href=\"https:\/\/www.linkedin.com\/in\/ricardolimadias\/\">Ricardo<\/a> &#8211; Foi o cara que me fez o maior ensinamento: Buscar no google<\/li>\n\n\n\n<li><a href=\"https:\/\/www.linkedin.com\/in\/adeilson-araujo-55293150\/\">Adeilson <\/a>&#8211; O cara que teve paci\u00eancia para me ensinar sobre v\u00e1rias coisas b\u00e1sicas de Windows, como drivers<\/li>\n\n\n\n<li><a href=\"https:\/\/www.linkedin.com\/in\/shizukochiba\/\">Shizu<\/a> &#8211; Quem me apresentou um CREATE PROCEDURE e teve toda paci\u00eancia do mundo para me ensinar<\/li>\n\n\n\n<li>Dani &#8211; Minha primeira l\u00edder. Quem me deu a dica do INSERT SELECT<\/li>\n\n\n\n<li><a href=\"https:\/\/www.linkedin.com\/in\/cesaraugustolopes\/\">Cesar<\/a> &#8211; Coordenador da TI da \u00e1rea que aprovou e incetivou a subida de estagi\u00e1rio para DBA<\/li>\n\n\n\n<li><a href=\"https:\/\/www.linkedin.com\/in\/eduardoterzella\/\">Terzella <\/a>&#8211; Meu segundo chefe, ap\u00f3s virar DBA, que me ajudou a evoluir em outros patamares no mundo de infrastrutura, redes e SO<\/li>\n<\/ul>\n\n\n\n<p class=\"has-text-align-right\">Rodrigo Ribeiro Gomes<\/p>\n\n\n\n<p><\/p>\n","protected":false},"excerpt":{"rendered":"<p>Ol\u00e1, bem vindo ao blog The SQL Times! Meu nome \u00e9 Rodrigo Ribeiro Gomes, e sou DBA SQL Server desde 2011. Eu sempre fui um cara apaixonado por tecnologia, tanto que, em 2007, quando ganhei meu primeiro computador, n\u00e3o parei de estud\u00e1-lo. Aprendi a format\u00e1-lo (j\u00e1 no primeiro dia que liguei ele), aprendi a usar&hellip;&nbsp;<a href=\"https:\/\/thesqltimes.com\/blog\/sobre-o-blog-the-sql-times\/\" rel=\"bookmark\"><span class=\"screen-reader-text\">Sobre o Blog The SQL Times<\/span><\/a><\/p>\n","protected":false},"author":1,"featured_media":0,"parent":0,"menu_order":0,"comment_status":"closed","ping_status":"closed","template":"","meta":{"om_disable_all_campaigns":false,"_exactmetrics_skip_tracking":false,"_exactmetrics_sitenote_active":false,"_exactmetrics_sitenote_note":"","_exactmetrics_sitenote_category":0,"_monsterinsights_skip_tracking":false,"_monsterinsights_sitenote_active":false,"_monsterinsights_sitenote_note":"","_monsterinsights_sitenote_category":0,"neve_meta_sidebar":"","neve_meta_container":"","neve_meta_enable_content_width":"","neve_meta_content_width":0,"neve_meta_title_alignment":"","neve_meta_author_avatar":"","neve_post_elements_order":"","neve_meta_disable_header":"","neve_meta_disable_footer":"","neve_meta_disable_title":"","footnotes":""},"class_list":["post-1923","page","type-page","status-publish","hentry"],"_links":{"self":[{"href":"https:\/\/thesqltimes.com\/blog\/wp-json\/wp\/v2\/pages\/1923","targetHints":{"allow":["GET"]}}],"collection":[{"href":"https:\/\/thesqltimes.com\/blog\/wp-json\/wp\/v2\/pages"}],"about":[{"href":"https:\/\/thesqltimes.com\/blog\/wp-json\/wp\/v2\/types\/page"}],"author":[{"embeddable":true,"href":"https:\/\/thesqltimes.com\/blog\/wp-json\/wp\/v2\/users\/1"}],"replies":[{"embeddable":true,"href":"https:\/\/thesqltimes.com\/blog\/wp-json\/wp\/v2\/comments?post=1923"}],"version-history":[{"count":2,"href":"https:\/\/thesqltimes.com\/blog\/wp-json\/wp\/v2\/pages\/1923\/revisions"}],"predecessor-version":[{"id":1925,"href":"https:\/\/thesqltimes.com\/blog\/wp-json\/wp\/v2\/pages\/1923\/revisions\/1925"}],"wp:attachment":[{"href":"https:\/\/thesqltimes.com\/blog\/wp-json\/wp\/v2\/media?parent=1923"}],"curies":[{"name":"wp","href":"https:\/\/api.w.org\/{rel}","templated":true}]}}